ppose q = o - 32. What is the units digit of o?
9
Suppose 0 = -3*r + 5*a + 2304, 3*r - 884 = -a + 1438. What is the tens digit of r?
7
Let g be (-3)/2 + (-27)/(-6). Suppose g*c - 5*d + 8 = -4, -4*c + 4*d - 16 = 0. What is the tens digit of (-544)/(-18) + c/18?
3
Suppose 9*m - 12*m - 12 = 0. What is the hundreds digit of m/(16/(-12)) - -107?
1
Suppose 3*c = -0*c + 21. Suppose 0 = c*g - 0*g - 105. What is the units digit of g?
5
What is the tens digit of (5 - (6 - 1221/15))*5?
0
Let p = 964 + -199. What is the hundreds digit of p?
7
Let o(v) = 32*v + 10. Let f be o(3). Let d = f + -61. What is the tens digit of d?
4
Let c(a) = -9*a - 6. Suppose -10 = 2*h, 3*d - 6*h + 5 = -4*h. What is the units digit of c(d)?
9
Let b(u) = u - 1. Let l(k) = 32. Let t(h) = -b(h) + l(h). What is the units digit of t(-12)?
5
Let l(y) = -5*y**3 - 8*y**2 - 9*y + 2. Let m(o) = 9*o**3 + 16*o**2 + 17*o - 4. Let f(j) = 7*l(j) + 4*m(j). What is the units digit of f(-6)?
0
Let y = 11 - 7. Suppose -3*d = -4*k + 369, k = -y*d - 0*d + 78. What is the tens digit of k?
9
Let b(o) = 9*o**2 - 6*o + 7. Suppose 3*w = -3*w + 24. What is the tens digit of b(w)?
2
Let y(m) = 2*m**2 - 3*m - 4. Let n be y(3). Let s(k) = 5*k + k - 3 + k + k - 4. What is the tens digit of s(n)?
3
Let k(s) = -2*s - 6. Let w be k(-4). Let f(h) = 2*h + 5*h**2 + w - 8*h**2 + 5*h**2. What is the units digit of f(-2)?
6
Suppose 46*o + 900 = 60148. What is the hundreds digit of o?
2
Let j be (-5)/((-10)/227)*-2. Let b = -64 - j. What is the units digit of b?
3
Let x be ((-15)/(-20)*-2)/((-9)/6). Let f(n) = 31*n**3 - 2*n**2. What is the units digit of f(x)?
9
Let q(r) = -r**3 - 18*r**2 - 3*r - 91. What is the units digit of q(-19)?
7
Suppose 3*s - 4*j - 53 = 20, -2*s + 4*j + 50 = 0. What is the tens digit of s?
2
Let p be (-3 - -7)/4 - -4. Suppose 2*v = 6, -p*l - 2*v + 19 = v. Suppose 0 = -3*c + 5*o + 95, c + 2*o - 26 = -l*o. What is the units digit of c?
0
Let n = 708 - -570. What is the units digit of n?
8
Let t = 71 - 66. Suppose -3*k + 547 = t*a, -k - 4*a - 961 = -6*k. What is the tens digit of k?
8
Let d(c) = -72*c**3 - 3*c**2 - c - 1. What is the units digit of d(-2)?
5
Let d = 265 - -174. Let x = -217 + d. What is the units digit of x?
2
Suppose 4*f - 2*f - 432 = 2*c, 0 = 2*f + 2*c - 432. What is the hundreds digit of f?
2
Let m be ((-24)/10)/((-2)/80). Let d = -13 - -18. Suppose -m = -d*r + 2*r. What is the units digit of r?
2
Let j(n) = n**3 - 8*n**2 - 11*n - 12. Let r be j(9). Let a = 68 + -17. What is the units digit of ((-10)/r)/(1/a)?
7
Let i(u) = u - 13. Let v be i(11). Let b(c) = -8*c**3 - 3*c**2 - 4*c - 3. What is the units digit of b(v)?
7
Let x = -32 - -7. Let l be (-10)/x*(1 + 254). Let s = l - 68. What is the tens digit of s?
3
Let d be (-454)/8 - (-9)/12. Let b = 58 - -25. Let z = d + b. What is the tens digit of z?
2
Let g(n) = 43*n**2 + 214*n. Let d be g(-5). Let x be (1 + 1/(-2))*-10. Let j = d - x. What is the units digit of j?
0
Let q(w) = -w**2 + 9*w + 1. Let l be q(8). Let s(x) = 15*x - 7. What is the units digit of s(l)?
8
Suppose 3276 = 4*d + 16*r - 12*r, -5*d = -4*r - 4059. What is the hundreds digit of d?
8
Let d(m) = -4*m - 7. Let r be d(-3). Suppose 3*l = r*l - 48. Suppose -16 = -5*b + l. What is the units digit of b?
8
Let v(x) be the second derivative of -1/3*x**3 + x + 0 + 1/6*x**4 - x**2. What is the units digit of v(-2)?
0
Let h = -54 + 60. Let i(j) = j**3 - 4*j**2 + 11*j - 14. What is the units digit of i(h)?
4
Let y(j) = j**3 - 7*j**2 + 5*j + 6. Let q be y(6). Suppose 4*v - v = q. Suppose -144 = -4*x - v*x. What is the units digit of x?
6
Let r(y) = -y**3 + 8*y**2 + 11*y + 5. Let w be r(9). Suppose 59 = 2*t - w. What is the units digit of t?
1
Let a(o) = -o**3 - 6*o**2 + o + 7. Let d be a(-6). Let w be d*0/(1/(-1)). Suppose w = s + 3 - 4. What is the units digit of s?
1
Suppose 5*k = 944 + 1681. What is the hundreds digit of k?
5
What is the tens digit of 32/(-8) + (2412/4 - 0)?
9
Suppose 3*b = s + 10717, 3*s - 10338 = -4*b + 3934. What is the units digit of b?
1
Let j be 32/6 - (-3)/(-9). Let l(g) = -1. Let w(b) = 5*b + 6. Let a(u) = -4*l(u) + w(u). What is the units digit of a(j)?
5
Suppose -158 = 21*f - 6941. What is the hundreds digit of f?
3
Let a be 12/8*((-74)/(-3) - -2). Let g = 13 + -26. Let f = g + a. What is the tens digit of f?
2
What is the tens digit of (-17)/17 + (-1 - -2) - -320?
2
Let n(h) = h**3 + 12*h**2 + 13*h + 14. Let f be n(-10). Let v be (-21)/f - (-186)/8. Let w = 38 + v. What is the tens digit of w?
6
Suppose -12*w + 15*w = 5*j - 12775, 0 = j - 5*w - 2555. What is the units digit of j?
5
What is the hundreds digit of (-5 + 5466 + 3)*(-2)/(-4)?
7
Let b be (5/(-2))/((-5)/10). Suppose 70 = -b*x + 20. Let k = 15 + x. What is the units digit of k?
5
Let w be (-3)/(-9) - 11/(-3). Let l be (-2)/w*0/4. Suppose l*d = 3*d - 90. What is the tens digit of d?
3
Let p = -1502 - -2612. What is the hundreds digit of p?
1
Let f(t) = -7*t + 5. Suppose 2*u + 3*j = -2*u - 28, 4*j - 14 = 2*u. What is the units digit of f(u)?
4
Suppose -2*h - 3*t = -13, h - 5*t + 14 = 1. Let f(b) = 2*b**2 + 9 - 3*b**h - b**2 + b**2 + 10*b. What is the units digit of f(7)?
0
Let f(u) = u**3 + u**2 - u + 1. Let n(b) = -7*b**3 + 17*b - 23. Let h(k) = -6*f(k) - n(k). What is the units digit of h(8)?
7
Let f = 1098 - 758. What is the hundreds digit of f?
3
Let u(k) = -8*k + 1. Suppose -11 = 5*g + 4. Let h be u(g). Let q = -5 + h. What is the units digit of q?
0
Let t be (-105)/(-6) - (-4)/8. Suppose -2*a + 9 = w - a, -5*w = -4*a - t. Suppose -w*v - 36 = -7*v. What is the tens digit of v?
3
Suppose -18 = -4*y - 2*h, -h - 1 = -2*y + 14. Suppose y*x = 7*x + 16. Let j = 12 - x. What is the tens digit of j?
2
Let j(b) = 7*b**2 + 10. What is the hundreds digit of j(-7)?
3
Let y = 7 + -39. Let r = y - -91. What is the tens digit of r?
5
Let a = -13 + 16. Suppose -2*v = -w - 7*v + 21, v = -a*w + 7. Suppose -5*y + w = 4*l, -2*l = y - 3*l - 2. What is the units digit of y?
1
Suppose -3*u + 21 + 123 = 0. Let v = 5 - -1. Suppose 0 = -9*p + v*p + u. What is the units digit of p?
6
What is the units digit of 1264/10 - ((-85)/(-25) - 3)?
6
Let k be (-10)/4*36/(-45). Suppose 1 = v + k, 0 = 2*w + 4*v - 94. Suppose -w + 133 = 4*a. What is the units digit of a?
1
Let o = 1617 + -17. What is the units digit of o?
0
Let p = -6 - -8. Suppose -p*o + 6 = -0*o. What is the units digit of 6*o*1/6?
3
Suppose 6*o - 7*o = -3*t - 4, -3*t + 31 = 4*o. Suppose -o*f + 231 = -4*f. What is the units digit of f?
7
Let t(u) = -10*u - 12. Let b be t(-10). Suppose y - b - 11 = 0. What is the tens digit of y?
9
Let v be -5*4*3/30. Let h be 2/(-4) - 7/v. Suppose 3*z - 4*c + 64 = 7*z, h*c - 80 = -5*z. What is the units digit of z?
6
Let y = -3524 + 7533. What is the tens digit of y?
0
Let m = 3838 - 2210. What is the tens digit of m?
2
Let i(s) = -10*s**2 - 13*s + 6 - 14 + 16*s**2 - 2*s. What is the tens digit of i(6)?
1
Let d(a) = a**3 + 5*a**2 + 6*a + 4. Let c be d(-4). Let o be ((c + 7)/(-3))/1. What is the tens digit of -1 + 2 - o - -15?
1
Let d = 4 + 0. Let w = -111 - -113. Suppose -w*a - d*t = -3*a - 5, t = -4*a + 65. What is the tens digit of a?
1
Let p be (280/21)/((-1)/(-3)). Let t = p - 74. Let k = -26 - t. What is the units digit of k?
8
Let a(o) = 9*o**2 - 6*o - 3. What is the hundreds digit of a(7)?
3
Let x(d) be the third derivative of -d**6/40 - d**5/15 - d**4/12 + d**3/6 + 5*d**2. Let o be x(-3). Suppose -3*g = g - o. What is the tens digit of g?
1
Let k = -6 + 12. Let c = -6 + k. Suppose i + 3*b + 0 = 2, c = -4*i - 4*b + 32. What is the tens digit of i?
1
Let a = 80 - 53. Let t = a - 24. What is the units digit of t?
3
Suppose -20*b - 4758 = -22*b + 4*s, 0 = b + 3*s - 2404. What is the hundreds digit of b?
3
Suppose 374 = -i + 549. What is the tens digit of i?
7
Suppose -5*a + 7*a - 24 = 0. Let r be (57/a)/(5/60). Suppose y + 22 - r = 0. What is the units digit of y?
5
Suppose -y - 48 = -4*g - 5*y, -2*g + 28 = y. Suppose 2*t + g = 3*j, -16 = 4*t + 4*j - 6*j. What is the tens digit of 18 - (t + 1 + -2)?
2
Suppose 0 = 3*n + 8 + 103. Let p = n - -58. What is the tens digit of p?
2
Let s = -584 + 1102. What is the tens digit of s?
1
Let u = 12 - 14. Let w be u/(-2)*8/2. Let r = 24 - w. What is the tens digit of r?
2